.
6
Let x(n) be the second derivative of n**5/20 - n**4/6 - n**3/2 - n**2/2 - 2*n. Suppose -6 = -0*h - 2*h. What is x(h)?
-1
Suppose 0 = 2*s - 3*r + 1 + 1, -2*s + 2*r = 0. Let g(i) = 2*i - i + 12 + 4*i**s - 5*i**2. Determine g(0).
12
Let k = 2 - 1. Suppose h + k = 2. Let n(b) = 8 + b**2 - h - 6*b - 1. Calculate n(4).
-2
Let t(y) = -6*y**3 - y + 1. Let m(u) = u**3 + 7*u**2 - 7*u + 8. Let s be m(-8). Suppose s = 3*x - 5*x. Let a be (-1)/(2/(-2) - x). Calculate t(a).
-6
Let i = -3 + 6. Suppose 5 - 23 = i*p. Let r(z) = z**2 + 5*z - 6. Give r(p).
0
Let x(w) be the second derivative of 5*w**3/6 - w. Suppose -5*r + 0 + 10 = 0. Let q be (3 - 2) + r/(-1). Calculate x(q).
-5
Let b(p) = -2*p**3 + 6*p**2 + 8*p - 6. Let u(n) = n**3 - 3*n**2 - 4*n + 3. Let c(o) = 4*b(o) + 9*u(o). Determine c(2).
-9
Suppose 2*i + o - 9 = 0, -o + 0 + 17 = 4*i. Let k(v) = -v**2 - i*v**2 + v - 2*v**2. Determine k(-1).
-8
Let y(c) = -c**3 - 4*c**2. Let q(k) = 2*k + 1. Let w be q(2). Let m be -2 + (3/1 - w). Determine y(m).
0
Let s(m) be the first derivative of -m**4/4 + m**3 + 3*m**2/2 + 5*m + 3. Let k = 1 - -3. Give s(k).
1
Let r = -8 + 4. Let q = -3 + 3. Let l(z) = 4 + q*z**2 + z**2 - 2*z + 6*z. Give l(r).
4
Let d = 88 + -92. Let t(m) = -m. Let c be t(-2). Let w(y) = -c*y**2 - 2*y + 4 + 3*y - 2*y**2 - y**3. What is w(d)?
0
Let n(b) = -b + 2. Let j(f) = 1. Let m(d) = -2*j(d) + n(d). Give m(-2).
2
Let a(n) = 1. Let j(i) = i - 5. Let s(k) = 5*a(k) + j(k). Determine s(-2).
-2
Let u(h) = 14*h + 5*h - 11 - 7*h**2 - 1. Let k(g) = 11*g**2 - 29*g + 18. Suppose 1 = -b - 7. Let i(l) = b*u(l) - 5*k(l). Calculate i(6).
0
Suppose -2*d = 5*s - 18, 3 = -3*d + 2*s + 11. Let y(n) = n**2 - 4*n + 5. Calculate y(d).
5
Let q(g) = 5*g**2 + 8*g - 3. Let o(p) = -4*p**2 - 7*p + 2. Let f(h) = 4*o(h) + 3*q(h). Let u be (1 - 4)*16/(-3). Let k = u + -19. Determine f(k).
2
Let y(v) = -2*v**3 - 2*v**2 + 2*v + 6. Let n(r) = -r**3 - 3*r**2 + r + 5. Let w(k) = -3*n(k) + 2*y(k). Let c = -16 + 21. What is w(c)?
2
Let j(s) = s**2 + s. Let c be j(-2). Let i(b) = 3*b + 3 + b**3 + b**2 - 3*b - 4*b. Calculate i(c).
7
Let v = 0 - 0. Let r = v - 0. Let t be r - 0 - (-5 + 3). Let y(q) = q**3 - 2*q. Calculate y(t).
4
Let g(y) = y**3 + 4*y**2 - y - 1. Let l be g(-4). Suppose -2 = 2*r - l*r. Let f(v) = 1 - v**2 - 2*v**2 + 1 + 2*v. What is f(r)?
-6
Let d(i) = 2*i - 3*i - 1 + 0 - 3*i**2. Suppose 5*f + h + 7 = 0, 3*h - 5*h + 6 = 0. What is d(f)?
-11
Let k(w) be the second derivative of 2*w + w**3 + 0 + 1/20*w**5 - 5/2*w**2 - 1/2*w**4. Give k(5).
0
Let o(z) be the second derivative of -z + 3/2*z**2 + 0 - 5/12*z**4 + 0*z**3 - 1/20*z**5. Calculate o(-5).
3
Let y(w) = w**2 + 8*w + 14. Let v be y(-4). Let i(g) = -g**2 - 2*g + 1. Determine i(v).
1
Suppose -5*n + 29 = 4. Let k(l) = -2*l**2 + 7*l + 2. Give k(n).
-13
Suppose 3*g - 2*g = 4*q - 2, 6 = g + 4*q. Suppose 0 = -3*v + s - 4, g*s = -4*v - 3*s + 20. Let p(j) = j**2 + j + 2. Give p(v).
2
Let n(h) = h**2 + 4*h - 2. Let y(w) = 2*w**2 + 9*w - 4. Let c(d) = 7*n(d) - 3*y(d). Calculate c(-3).
4
Let q(o) = o + 2. Let y(g) = -g**2 - 7*g - 3. Let i be (4/10)/((-1)/5). Let c = i - 4. Let t be y(c). Give q(t).
5
Let v(m) = m - 1. Let a = -5 + 3. Suppose -5*c + 50 = 3*o + o, 3*c - 38 = -4*o. Let s be (2 + -3)/(a/c). What is v(s)?
2
Let k(u) = -7*u - 1. Let m be k(-1). Let j(b) = -b**3 + 5*b**2 + 6*b - 4. Give j(m).
-4
Let j(d) be the third derivative of -d**6/120 - d**5/12 + d**4/6 - 7*d**3/6 + 38*d**2. What is j(-6)?
5
Suppose 2*o - 6 = 4*o. Let t(l) = -3*l**3 - 2*l**2 - 6*l. Let g(x) = 7*x**3 + 5*x**2 + 13*x + 1. Let d(r) = 4*g(r) + 9*t(r). Give d(o).
1
Suppose -5*q = -15*q + 10. Let u(z) = -13*z**2 - 1. What is u(q)?
-14
Suppose 4*f = -17 + 65. Let p = -7 + f. Let n(k) = 7*k - 7. Let u(w) = -6*w + 7. Let z(x) = -4*n(x) - 5*u(x). Calculate z(p).
3
Let a(x) = -x**3 + x**2 + 1. Let v be -5 + 4/2 + 5. Suppose -v = -3*h - 8. Determine a(h).
13
Let c = -15 - -9. Let w(o) = 1. Let u(z) = -z - 6. Let g(t) = -u(t) - 6*w(t). Give g(c).
-6
Let i(z) be the second derivative of -z**4/12 + 5*z**3/6 + z**2/2 - 2*z. Determine i(5).
1
Let b(w) = 5*w**3 - 1. Let k be b(1). Let g(p) = -p**2 + 2*p + 1. Give g(k).
-7
Suppose -37 = 5*w + l, -5*w + l - 10 = 23. Let i(b) = b + 10. What is i(w)?
3
Let w(j) be the first derivative of -7*j**2/2 + 7*j + 6. Let k(u) = u + 1. Let v be k(-7). Let y(m) = -8*m + 6. Let b(o) = v*y(o) + 7*w(o). Give b(6).
7
Let p be (-2 + 1)/(-1 + 0). Let h(n) be the third derivative of -1/24*n**4 + 1/6*n**3 + 0*n + 3*n**2 - 1/15*n**5 + 0. Calculate h(p).
-4
Let o(k) be the first derivative of -k**3/3 + 2*k + 28. Determine o(0).
2
Suppose 4*o = 1 - 9. Let q(x) = -4*x**2 + 3*x + 3. Let g(i) = -3*i**2 + 2*i + 3. Let a(f) = o*q(f) + 3*g(f). Give a(0).
3
Let f(c) = -c - 2. Let z be f(3). Let q = -2 - -5. Let w(i) = -i**2 - 2*i + 7 + q*i - 5*i. Determine w(z).
2
Let h(i) = -3*i - 5. Let n = -26 - -21. Give h(n).
10
Let d(i) = -2*i - 1. Suppose -3*o - 6 = -18. Give d(o).
-9
Let j = -3 - 4. Let l(x) = 3*x**2 - 5. Let v(r) be the third derivative of r**5/60 - r**3/2 + 2*r**2. Let f(h) = j*v(h) + 4*l(h). Determine f(-1).
6
Let x = -20 - -22. Let q(g) = 2*g - x*g**3 - 3 - 2*g**2 + g**3 + 4*g**2 - 2*g**3. Give q(2).
-15
Let j(l) = -7*l**3 - 2*l**2 + 1. Suppose 4*t - p + 6 = 0, 0*p + p = -t + 1. Determine j(t).
6
Let y(x) be the third derivative of x**5/20 - x**4/24 + 2*x**2. Let i be y(-1). Let z(k) = -k**2 + 6*k + 1. What is z(i)?
9
Let m(x) be the third derivative of -1/120*x**6 - x**3 - 9*x**2 + 0*x - 1/15*x**5 + 5/24*x**4 + 0. What is m(-5)?
-6
Let r(o) = o + 8. Let s be r(-6). Suppose 11 = -3*a + s*y + 3*y, 23 = a + 5*y. Suppose -f = a*f. Let l(h) = h**2 + h + 5. Give l(f).
5
Let r(f) = 3*f**3 - 2*f**2 + 4. Let y(d) = -7*d**3 + 5*d**2 - 9. Let b(g) = -5*r(g) - 2*y(g). Determine b(0).
-2
Let a(r) = -r**2 + 6*r - 7. Let z(d) = 2*d + 0*d - 3*d + 6. Let q be z(6). Suppose -2*y - 2 + 12 = q. Calculate a(y).
-2
Let i(g) be the first derivative of g**3/6 - 4*g**2 - g + 8. Let t(b) be the first derivative of i(b). Give t(0).
-8
Let v(m) = -7*m - 6. Let w(n) = -6*n - 5. Let j(t) = -5*v(t) + 6*w(t). Calculate j(3).
-3
Let m(a) = a + 6. Let q = 5 + -5. Let b be (-2 + 1)*(q - 0). Determine m(b).
6
Let k(u) be the third derivative of u**5/60 - u**4/24 - u**3/3 + 27*u**2. Calculate k(3).
4
Let p(r) = -4*r - 121 + 3*r**2 + 127 - 4*r**2. Let f(w) = 2*w + 5. Let a be f(-5). Calculate p(a).
1
Let f(z) = -z**3 + 3*z**2 + 5*z - 5. Let w be 20/(-8)*(-8)/10. Suppose -12 = -2*y + y + 3*l, -4*l + 24 = w*y. Suppose -y = -7*p + 4*p. Determine f(p).
-1
Suppose -5*u - 1 + 6 = 0. Let g(p) = 178*p - 177*p - p**3 + 0*p**3. Calculate g(u).
0
Let m(r) = -2*r**2 + 9*r + 3. Let w(f) = f**2 - 4*f - 1. Let d(o) = 2*m(o) + 5*w(o). Calculate d(1).
0
Let n = -91 - -93. Let t(l) = -7*l - 2. What is t(n)?
-16
Let o = 3 + 1. Let f(h) = o + h + 3*h - 3. Determine f(1).
5
Let m(j) = -3*j**2 - 5*j - j**3 + 24 + 9*j**2 - 22. Suppose -5*s - 2*f = -5, -4*s - 1 - 2 = 3*f. What is m(s)?
14
Let f(g) be the third derivative of -g**4/24 - g**3/6 + 3*g**2. Suppose 3*w + 6 - 3 = 0. Determine f(w).
0
Let o = -2 - -5. Let c(w) = w + 4 - 2 + o. Let p(i) = -i**3 + 2*i - 4. Let z be p(-2). What is c(z)?
5
Suppose 0 = -3*d - j - 3 + 17, 8 = 4*d - 4*j. Let a(w) = -w**2 + 3*w + 1. What is a(d)?
-3
Let x = 4 + 1. Let m(w) = w**3 - 3*w**2 - 7*w - 1. Give m(x).
14
Let d(h) = 7*h**3 - 7*h**2 + 3*h + 8. Let o(p) = 4*p**3 - 3*p**2 + p + 4. Let t(r) = -3*d(r) + 5*o(r). Determine t(5).
1
Let r(u) be the second derivative of u**4/12 - 4*u**3/3 + 9*u**2/2 - 7*u. Calculate r(7).
2
Suppose 2*h + 5*j + 50 = -3*h, 5*h = 2*j - 36. Let w(c) = c**3 + 7*c**2 - 9*c - 6. What is w(h)?
2
Let w = 2 + -1. Let i be -6*w/(-2)*1. Let l(d) = -3*d**2 - 1 + 4*d**2 + 0*d - 2*d. Determine l(i).
2
Let x be (-4)/10 + 8/(-5). Suppose 0 = -0*b - 2*b - p - 13, -33 = 5*b + 3*p. Let w be ((-3)/b)/(x/(-8)). Let m(k) = k**3 - 2*k**2 - k + 1. What is m(w)?
-1
Let h be (-10*9/(-135))/((-2)/(-12)). Let y(b) be the first derivative of -b**4/4 + 5*b**3/3 - 5*b**2/2 - b + 2. Give y(h).
-5
Let s(v) = -v - 1 + 3*v - v. Let z be s(5). Let x(r) = z*r - 6 - 5*r - r**2 + 4. What is x(0)?
-2
Let q = -6 - -6. Suppose 5*l - 10 = -q. Let x(g) = 2*g**3 - 6*g**2 + g + 4. Let u(j) = -2*j**3 + 7*j**2 - j - 5. Le